{"id":3,"date":"2021-03-01T20:58:40","date_gmt":"2021-03-01T20:58:40","guid":{"rendered":"https:\/\/www.cmtstampi.it\/cmt\/?page_id=3"},"modified":"2024-02-27T14:42:32","modified_gmt":"2024-02-27T14:42:32","slug":"privacy-policy","status":"publish","type":"page","link":"https:\/\/www.cmtstampi.it\/index.php\/privacy-policy\/","title":{"rendered":"Privacy Policy"},"content":{"rendered":"<p>INFORMAZIONI SUL TRATTAMENTO DEI DATI PERSONALI AI SENSI DELL&#8217;ARTICOLO 13 DEL REGOLAMENTO (UE) 2016\/679<br \/>Soggetti interessati: utenti che consultano il sito web https:\/\/ www.cmtstampi.it<br \/>di: cmt Stampi srl<\/p>\n<p>PERCH\u00c9 QUESTE INFORMAZIONI <br \/>Ai sensi del Regolamento (UE) 2016\/679 (di seguito &#8220;Regolamento&#8221;, o &#8220;GDPR&#8221;), questa pagina descrive le modalit\u00e0 di trattamento dei dati personali degli utenti che consultano il sito internet \u201ccmt Stampi srl\u201d accessibili per via telematica al seguente indirizzo: https:\/\/ www.cmtstampi.it<br \/>Le presenti informazioni non riguardano altri siti, pagine o servizi online raggiungibili tramite link ipertestuali eventualmente pubblicati in questo sito, ma riferiti a risorse esterne al dominio<\/p>\n<p>https:\/\/ www.cmtstampi.it<br \/>TITOLARE DEL TRATTAMENTO<br \/>A seguito della consultazione del sito possono essere trattati dati relativi a persone fisiche identificate o identificabili.<br \/>TITOLARE DEL TRATTAMENTO: <br \/>Cmt Stampi srl \u2013 Via dell\u2019 Industria, 11 63821 Porto Sant\u2019Elpidio (FM) P.I. 02341430441<br \/>DATI DI CONTATTO: Tel.0734 902363<br \/>Email: info@cmtstampi.it<\/p>\n<p>TIPI DI DATI TRATTATI, FINALIT\u00c0 DEL TRATTAMENTO E BASE GIURIDICA<br \/>1) Dati di navigazione Base giuridica: &#8220;trattamenti dati necessari alla navigazione del sito internet&#8221; \u2013 obbligo di contratto \u2013 art. 6 par. 1 lettera b) GDPR<br \/>I sistemi informatici e le procedure software preposte al funzionamento di questo sito acquisiscono, nel corso del loro normale esercizio, alcuni dati personali la cui trasmissione \u00e8 implicita nell&#8217;uso dei protocolli di comunicazione di Internet.<br \/>In questa categoria di dati rientrano gli indirizzi IP o i nomi a dominio dei computer e dei terminali utilizzati dagli utenti, gli indirizzi in notazione URI\/URL (Uniform Resource Identifier\/Locator) delle risorse richieste, l&#8217;orario della richiesta, il metodo utilizzato nel sottoporre la richiesta al server, la dimensione del file ottenuto in risposta, il codice numerico indicante lo stato della risposta data dal server (buon fine, errore, ecc.) ed altri parametri relativi al sistema operativo e all&#8217;ambiente informatico dell&#8217;utente.<\/p>\n<p>Tali dati, necessari per navigare nel Sito e per fruire delle informazioni in esso contenute, vengono anche trattati dal titolare allo scopo di:<br \/>* ottenere informazioni statistiche aggregate ed anonime in merito all&#8217;utilizzo del Sito (pagine pi\u00f9 visitate, numero di visitatori per fascia oraria o giornaliera, aree geografiche di provenienza dei visitatori, ecc.);<br \/>* controllare la corretta fruibilit\u00e0 dei contenuti offerti dal Sito;<br \/>* prevenire o contrastare ogni possibile illecito informatico, l&#8217;utilizzo fraudolento delle funzionalit\u00e0<br \/>disponibili sul sito, anche al fine della ricostruzione degli incidenti di sicurezza e loro tracciabilit\u00e0.<br \/>Durata della conservazione:<br \/>I dati di navigazione nel rispetto dei principi di liceit\u00e0, limitazione delle finalit\u00e0, minimizzazione dei dati, ai sensi dell&#8217;art. 5 del GDPR, saranno conservati per un arco di tempo non superiore al conseguimento delle finalit\u00e0 tecniche descritte precedentemente per le quali sono raccolti e trattati, salve eventuali necessit\u00e0 di accertamento di reati da parte dell&#8217;Autorit\u00e0 giudiziaria.<br \/>2) Dati comunicati dall&#8217;utente<br \/>Base giuridica: &#8220;trattamenti dati necessari a rispondere alle domande degli utenti&#8221; \u2013 obbligo di contratto \u2013 art. 6 par. 1 lettera b) GDPR L&#8217;invio facoltativo, esplicito e volontario di messaggi agli indirizzi di contatto di \u201cCmt Stampi srl \u201d, i messaggi privati inviati dagli utenti ai profili\/pagine istituzionali e sui social media (laddove questa possibilit\u00e0 sia prevista), nonch\u00e9 la compilazione e l&#8217;inoltro dei moduli presenti sui siti di \u201cCmt Stampi srl\u201d, comportano l&#8217;acquisizione dei dati di contatto del mittente, necessari a rispondere, nonch\u00e9 di tutti i dati personali inclusi nelle medesime comunicazioni. Specifiche informative sono pubblicate nelle pagine del sito predisposte per l&#8217;erogazione di determinati servizi, ove necessario viene raccolto il consenso dell&#8217;utente informando di volta in volta sulle finalit\u00e0 e sulla facoltativit\u00e0 del conferimento.<br \/>Durata della conservazione:<br \/>I dati comunicati dall&#8217;utente sono conservati per il tempo necessario a gestire le singole richieste, l&#8217;eventuale successiva conservazione per finalit\u00e0 statistiche prevede l&#8217;anonimizzazione di tali dati (salve eventuali necessit\u00e0 di accertamento di reati da parte dell&#8217;Autorit\u00e0 giudiziaria).<br \/>3) Cookie e altri sistemi di tracciamento<br \/>Viene fatto uso di:<br \/>a) cookie tecnici necessari per la navigazione degli utenti, agevolano la corretta navigazione del sito e la fruibilit\u00e0 dei contenuti da parte dell&#8217;utente. Base giuridica: &#8220;contratto in quanto funzionali e necessari&#8221;.<br \/>1. b) cookie analitici utilizzati per elaborare analisi statistiche aggregate sull&#8217;uso e sull&#8217;interazione con il sito da parte dell&#8217;utente. Previo consenso dell&#8217;utente. Base giuridica: &#8220;consenso&#8221;.<br \/>2. c) I cookie di profilazione consentono di raccogliere informazioni circa le preferenze manifestate dall&#8217;utente nell&#8217;ambito della navigazione ed elaborare resoconti destinati ad essere utilizzati per campagne pubblicitarie e di marketing mirate. Base giuridica: &#8220;consenso&#8221;.<br \/>Le informazioni sul trattamento dei dati, la finalit\u00e0, la durata e la gestione completa dei cookie, compreso il loro consenso e la revoca, sono disponibili nel documento COOKIE POLICY presente anche nel pi\u00e8 di pagina.<br \/>DESTINATARI DEI DATI<br \/>Sono destinatari dei dati raccolti a seguito della consultazione di alcuni dei servizi sopra elencati alcuni soggetti designati dal Titolare ai sensi dell&#8217;articolo 28 del Regolamento, quali responsabili del trattamento, ed altri ulteriori fornitori di servizi nell&#8217;ambito delle web-agency, comunicazione digitale, assistenza sistemistica, ed eventuali altri fornitori di servizi digitali per i quali \u00e8 possibile richiedere l&#8217;elenco completo scrivendo a info@cmtstampi.it.<br \/>Alcuni dati ed informazioni potranno essere trasmessi od acquisiti da parte di soggetti identificati in qualit\u00e0 di titolari autonomi, tali dati sono relativi ai cookie che solitamente sono anonimizzati prima dell&#8217;invio, per finalit\u00e0 statistica. Qualora sia previsto il trasferimento in Paesi Extra Ue saranno indicate le misure di garanzia intraprese, descritte nel paragrafo 6 del presente documento.<br \/>I dati personali raccolti sono altres\u00ec trattati dal personale di \u201cCmt Stampi srl\u201d, che agisce sulla base di specifiche istruzioni fornite in ordine a finalit\u00e0 e modalit\u00e0 del trattamento medesimo.<br \/>SICUREZZA DEL TRATTAMENTO<br \/>I dati personali trasmessi e conservati per il tempo necessario alle finalit\u00e0 dichiarate sono protetti da specifiche misure di sicurezza tecniche organizzative in riferimento all&#8217;art. 32 del Regolamento, in grado di garantire su base permanente la riservatezza, l&#8217;integrit\u00e0, la disponibilit\u00e0, nonch\u00e8 la capacit\u00e0 di ripristinare tempestivamente la disponibilit\u00e0 e l&#8217;accesso dei dati personali in caso di incidente fisico o tecnico, anche a fronte dei rischi di distruzione, perdita, modifica, divulgazione non autorizzata o dall&#8217;accesso, in modo accidentale o illecito, a dati personali trasmessi, conservati o comunque trattati.<br \/>TRASFERIMENTO DI DATI PERSONALI IN PAESI EXTRA UE<br \/>Il titolare non trasferisce dati personali in Paesi Extra UE. Qualora ve ne sia la necessit\u00e0 saranno previamente informati gli interessati, e verranno adottate misure di garanzia per il trasferimento nei confronti dei destinatari, che a seconda delle casistiche potranno essere: verifica dell&#8217;esistenza di decisioni di adeguatezza per il Paese destinatario da parte della Commissione, sottoscrizione di clausole contrattuali standard, verifica dell&#8217;adozione di eventuali misure supplementari in recepimento della raccomandazione 01\/2020 EDPB. In deroga a tali garanzie, per i trattamenti dati (in rif. dell&#8217;art. 49 del GDPR), ove applicabile si verifica l&#8217;esistenza di un contratto o misure precontrattuali a favore del soggetto interessato od il consenso al trasferimento.<br \/>DIRITTI DEGLI INTERESSATI<br \/>Gli interessati hanno il diritto di ottenere da \u201ccmt Stampi srl\u201d nei casi previsti, l&#8217;accesso ai propri dati personali, la rettifica, la cancellazione degli stessi, la limitazione del trattamento che li riguarda, la portabilit\u00e0, o di opporsi al trattamento e di revocare il consenso (ove utilizzato come base giuridica) in riferimento agli artt. da 15 a 22 del Regolamento).La richiesta \u00e8 presentata attraverso i dati di contatto di \u201cCmt Stampi srl\u201d, con sede in:<br \/>Via dell\u2019 Industria, 11 63821 Porto Sant\u2019Elpidio (FM) <br \/>Per l&#8217;esercizio dei diritti \u00e8 possibile altres\u00ec utilizzare il modello predisposto e disponibile sul sito internet dell&#8217;Autorit\u00e0 Garante per la protezione dei dati a questo link: https:\/\/www.garanteprivacy.it\/web\/guest\/home\/docweb\/-\/docweb-display\/docweb\/9038275<br \/>DIRITTO DI RECLAMO<br \/>Gli interessati che ritengono che il trattamento dei dati personali a loro riferiti effettuato attraverso questo sito avvenga in violazione di quanto previsto dal Regolamento hanno il diritto di proporre reclamo al Garante, come previsto dall&#8217;art. 77 del Regolamento stesso, o di adire le opportune sedi giudiziarie (art. 79 del Regolamento). Il modello per proporre reclamo \u00e8 disponibile sul sito internet dell&#8217;Autorit\u00e0 Garante per la protezione dei dati a questo link: https:\/\/www.garanteprivacy.it\/home\/docweb\/-\/docweb-display\/docweb\/4535524<br \/>MODIFICHE A QUESTA PRIVACY POLICY<br \/>Il Titolare si riserva il diritto di modificare e aggiornare la seguente Privacy Policy a seguito di qualsiasi nuova disposizione di legge nazionale o Europea sulla protezione dei dati personali<\/p>\n","protected":false},"excerpt":{"rendered":"<p>INFORMAZIONI SUL TRATTAMENTO DEI DATI PERSONALI AI SENSI DELL&#8217;ARTICOLO 13 DEL REGOLAMENTO (UE) 2016\/679Soggetti interessati: utenti che consultano il sito web https:\/\/ www.cmtstampi.itdi: cmt Stampi srl PERCH\u00c9 QUESTE INFORMAZIONI Ai sensi del Regolamento (UE) 2016\/679 (di seguito &#8220;Regolamento&#8221;, o &#8220;GDPR&#8221;), questa pagina descrive le modalit\u00e0 di trattamento dei dati personali degli utenti che consultano il [&hellip;]<\/p>\n","protected":false},"author":1,"featured_media":0,"parent":0,"menu_order":0,"comment_status":"closed","ping_status":"open","template":"","meta":{"_et_pb_use_builder":"","_et_pb_old_content":"","_et_gb_content_width":"","footnotes":""},"class_list":["post-3","page","type-page","status-publish","hentry"],"_links":{"self":[{"href":"https:\/\/www.cmtstampi.it\/index.php\/wp-json\/wp\/v2\/pages\/3","targetHints":{"allow":["GET"]}}],"collection":[{"href":"https:\/\/www.cmtstampi.it\/index.php\/wp-json\/wp\/v2\/pages"}],"about":[{"href":"https:\/\/www.cmtstampi.it\/index.php\/wp-json\/wp\/v2\/types\/page"}],"author":[{"embeddable":true,"href":"https:\/\/www.cmtstampi.it\/index.php\/wp-json\/wp\/v2\/users\/1"}],"replies":[{"embeddable":true,"href":"https:\/\/www.cmtstampi.it\/index.php\/wp-json\/wp\/v2\/comments?post=3"}],"version-history":[{"count":2,"href":"https:\/\/www.cmtstampi.it\/index.php\/wp-json\/wp\/v2\/pages\/3\/revisions"}],"predecessor-version":[{"id":1188,"href":"https:\/\/www.cmtstampi.it\/index.php\/wp-json\/wp\/v2\/pages\/3\/revisions\/1188"}],"wp:attachment":[{"href":"https:\/\/www.cmtstampi.it\/index.php\/wp-json\/wp\/v2\/media?parent=3"}],"curies":[{"name":"wp","href":"https:\/\/api.w.org\/{rel}","templated":true}]}}